, what is -121220 + 12120002010?
12112110020
In base 14, what is b7 - 429bb?
-42904
In base 12, what is 1009 + 19674?
1a681
In base 4, what is -220033 + 3003?
-211030
In base 11, what is 97a06 - 5?
97a01
In base 3, what is -2001011 - -22212202101?
22210201020
In base 10, what is 336 - -6853?
7189
In base 16, what is 5 + -1b819aa?
-1b819a5
In base 11, what is -460a1 + -12a?
-46220
In base 3, what is -12 - -20002020010122101?
20002020010122012
In base 11, what is -7 + -10503a?
-105046
In base 9, what is 28382 - 4085?
24286
In base 10, what is 4 + 14799551?
14799555
In base 3, what is 1020 - -10100110211122?
10100110212212
In base 10, what is 3 + 492?
495
In base 11, what is -9a1 - 49235?
-4a126
In base 2, what is 1 - -1000001111011010010?
1000001111011010011
In base 4, what is -113 - -12010002303?
12010002130
In base 15, what is -2 + 2d03674?
2d03672
In base 7, what is 10011 - -32122?
42133
In base 8, what is 734 + 3605?
4541
In base 6, what is -255112313 - -20?
-255112253
In base 6, what is -354 - 430311?
-431105
In base 7, what is -30401602 - 26?
-30401631
In base 11, what is 102a3a - -53?
102a92
In base 9, what is -124386 - -1458?
-122827
In base 9, what is 1142128 + -4?
1142124
In base 4, what is -11221203002 + 212?
-11221202130
In base 9, what is 8332 - 344?
7877
In base 14, what is -1a + -4a17c3?
-4a17dd
In base 7, what is -1316 - 1021?
-2340
In base 5, what is 203 - -2001334013?
2001334221
In base 9, what is 71001078 - 5?
71001073
In base 14, what is 1c - -a9a12c?
a9a14a
In base 13, what is -a88 + 2298?
1510
In base 3, what is -202101001202011 - 2?
-202101001202020
In base 7, what is 5205634 + 124?
5206061
In base 7, what is -104 + 34152146?
34152042
In base 13, what is 4464 + 565c?
9ac3
In base 6, what is -112341242 + 2?
-112341240
In base 12, what is 2159 + 4149?
62a6
In base 6, what is 21 + 35133441?
35133502
In base 7, what is 5 - -5356402?
5356410
In base 10, what is 13316 - -4603?
17919
In base 2, what is 101011101010100010111 - -1000000?
101011101010101010111
In base 16, what is -5b3 + 8dba?
8807
In base 7, what is -43 - 34002645?
-34003021
In base 14, what is -3 + d208b?
d2088
In base 11, what is 268a560 + 3?
268a563
In base 15, what is 1 + -1be7be?
-1be7bd
In base 11, what is 7a0392 - 195?
7a01a8
In base 5, what is 4 - 440334011104?
-440334011100
In base 10, what is -63237 - -100?
-63137
In base 13, what is -41a - -13133?
12a16
In base 13, what is 4 + 62ba4c8?
62ba4cc
In base 11, what is 14 - 226351?
-226338
In base 8, what is -10100221 + 4?
-10100215
In base 10, what is -3 - -841032?
841029
In base 16, what is 4602 - b43?
3abf
In base 6, what is -100550313301 - 0?
-100550313301
In base 16, what is -10cbbf + 2?
-10cbbd
In base 6, what is 2054 + -1332342?
-1330244
In base 16, what is -130100 - d?
-13010d
In base 15, what is b9 - -add26?
adde0
In base 16, what is -2 - -dec78f6?
dec78f4
In base 16, what is -1279884 - -6d?
-1279817
In base 13, what is -129 + 9781?
9655
In base 15, what is -10bb - -e2?
-ec9
In base 5, what is -30232024 + 1241?
-30230233
In base 3, what is 1122121222 + -22001112?
1100120110
In base 6, what is 50 - -1111421305?
1111421355
In base 16, what is -5 + -8b939ba?
-8b939bf
In base 5, what is 101 + -24131310?
-24131204
In base 10, what is -2005505 - -34?
-2005471
In base 6, what is -1435 + -10025105?
-10030544
In base 11, what is 769734 - 4?
769730
In base 16, what is -137c8c84 - -4?
-137c8c80
In base 13, what is 219b + 55845?
57a13
In base 8, what is 0 + -3037347?
-3037347
In base 13, what is -641ab1 + -1?
-641ab2
In base 8, what is -370 - -103674?
103304
In base 10, what is -6 + -385052?
-385058
In base 3, what is 11200020 - -22122021?
111022111
In base 7, what is -11461354534 - 2?
-11461354536
In base 14, what is 1a60 + -14b7?
587
In base 10, what is -43847234 - -4?
-43847230
In base 10, what is -18366870 + -2?
-18366872
In base 12, what is 1b + 99a93?
99ab2
In base 10, what is -4 + 144843749?
144843745
In base 8, what is 3721 + 57351?
63272
In base 13, what is 369571 - 9?
369565
In base 14, what is 11339d - 3b?
113362
In base 16, what is 51c7 + -2292?
2f35
In base 15, what is -1327d8d + -1?
-1327d8e
In base 14, what is 104 + 7b516?
7b61a
In base 9, what is -1 - 42446044?
-42446045
In base 11, what is 1109 + -3086?
-1a78
In base 11, what is -2 - 13055a9?
-1305600
In base 9, what is -1251 + -50358?
-51620
In base 16, what is 93 - -1b813?
1b8a6
In base 13, what is 148 - 2b3c0?
-2b275
In base 5, what is 23141 - 342212?
-314021
In base 4, what is 200 - -211200320?
211201120
In base 5, what is 4 - -440130000332?
440130000341
In base 3, what is -10221201 - 21121111?
-102120012
In base 7, what is 163202 - 523?
162346
In base 7, what is 1602131512 - 1?
1602131511
In base 8, what is 40547450 - 35?
40547413
In base 11, what is 45089 + 193?
45271
In base 5, what is -4341 - 22400?
-32241
In base 8, what is -6 - 10006456?
-10006464
In base 16, what is 577d6f + -5?
577d6a
In base 7, what is -262243 + -6315?
-301561
In base 16, what is -9ed32e9 - 1?
-9ed32ea
In base 11, what is 1270 - -1246?
2506
In base 9, what is -6444 + 14031?
6476
In base 11, what is -1a - -175a75?
175a56
In base 4, what is 1300332230 + -23?
1300332201
In base 3, what is -11010 - 1100021002?
-1100102012
In base 2, what is -10100101101 - 1111110010000000?
-10000000110101101
In base 11, what is -13 + -2252a2?
-225305
In base 9, what is 3 + -41817252?
-41817248
In base 3, what is 12 + 2020122210200?
2020122210212
In base 2, what is -10011011001000110 - -101010111?
-10011010011101111
In base 13, what is -c40519 + 0?
-c40519
In base 12, what is -388 - -254?
-134
In base 16, what is aad00 + 12d?
aae2d
In base 5, what is -404413140 + -2?
-404413142
In base 10, what is -27975 + -281?
-28256
In base 14, what is -219478b2 + 5?
-219478ab
In base 5, what is -3204404341 - 4?
-3204404400
In base 8, what is -211 - 570354?
-570565
In base 12, what is -983428 + -316?
-983742
In base 4, what is 1123223 + -31302?
1031321
In base 15, what is -16d896 + -8?
-16d89e
In base 5, what is 2040131043 + 10?
2040131103
In base 16, what is 3 + -11e1a1?
-11e19e
In base 10, what is 5710 + 3589?
9299
In base 13, what is c683 - 395?
c2bb
In base 8, what is 351770 + -403?
351365
In base 11, what is 20a3a - 245?
207a5
In base 9, what is 1 + -263303?
-263302
In base 7, what is -5 - 12642635?
-12642643
In base 10, what is -2811790 - 4?
-2811794
In base 7, what is 14 + -652311602?
-652311555
In base 4, what is 13131 + -11033302?
-11020111
In base 16, what is 6d9 + -60f3?
-5a1a
In base 11, what is -2687 + -44158?
-46834
In base 7, what is -312155346 - 0?
-312155346
In base 15, what is 1967 - 79ee?
-6087
In base 16, what is -152ce + -3b6?
-15684
In base 2, what is 100110001101000010000100 + -101?
100110001101000001111111
In base 6, what is -51133221314 + 4?
-51133221310
In base 14, what is -3740 + -13c4?
-4b24
In base 2, what is -100 + 1000100000101111111100111?
1000100000101111111100011
In base 8, what is -2 - -1363225?
1363223
In base 4, what is 1112202022120 - 3?
1112202022111
In base 5, what is 0 + 32003402122?
32003402122
In base 8, what is 6 + 26345006?
26345014
In base 9, what is -420242544 - -3?
-420242541
In base 13, what is -6 - 8242?
-8248
In base 11, what is 1682a258 - -13?
1682a270
In base 16, what is -b3377d + -3?
-b33780
In base 6, what is -203 - -115314255?
115314052
In base 7, what is -2042411604 - -4?
-2042411600
In base 11, what is -80313 - -8?
-80306
In base 5, what is 220302 - 412443?
-142141
In base 10, what is 2 + -2453719?
-2453717
In base 2, what is -1100100 + -10011010010010010100?
-10011010010011111000
In base 12, what is 188 + -16795b?
-167793
In base 15, what is -7a6 + 214d2?
20c2b
In base 12, what is 1196b4203 - -4?
1196b4207
In base 8, what is -1 + -20362521?
-20362522
In base 10, what is 1240 - 78097?
-76857
In base 3, what is -10021 - 1021001210?
-1021012001
In base 13, what is 28847 + -102?
28745
In base 7, what is -1212631 + -263?
-1213224
In base 10, what is -10 - -288600?
288590
In base 8, what is 25003 + 5032?
32035
In base 4, what is -121 - -102012003?
102011222
In base 11, what is 6754a22 - -4?
6754a26
In base 15, what is 1d3db51 + -9?
1d3db47
In base 7, what is 4 - 3630110?
-3630103
In base 2, what is -100100 + 110011010110000111?
110011010101100011